3/3 - 14*i**2. Let a(j) be the first derivative of y(j). Calculate a(c).
1
Let j(c) = -10*c**2 + 3*c + 13*c**2 - 2*c + 5*c**3 - 3*c**3. What is j(-3)?
-30
Let z be ((-90)/(-270))/((-2)/12). Let h(o) = 2*o**2 + 2*o - 2. Determine h(z).
2
Suppose -16 = 37*y - 38*y. Suppose 4*i + y = 4. Let g(a) = 3*a + 1. Give g(i).
-8
Let m(f) = -f**3 - 2*f**2 - 3*f + 2. Let v = -182 - -56. Let r be 2/(-10) + v/45. Give m(r).
20
Let q(f) = f**2 - f - 1. Let g(o) = o**3 - 6*o**2 + o - 1. Suppose 22*s - 20*s + 2 = 0. Let w(d) = s*g(d) - 3*q(d). What is w(4)?
-4
Let h(q) = 4*q + q**2 + 6 - 2*q + 3 + 1 + 8*q. What is h(-8)?
-6
Let u be 8 + 3 + (1 - 8). Let t be (3 - 3)/u*-1. Let c(x) = 1 + 2*x - 1 + t. Give c(3).
6
Let t(i) = -i**2 - 6*i - 6. Let d be t(-4). Let l = -72 - -75. Let c(a) = -3 + d*a + a**2 - 2*a**2 - a**2 + l*a**2. Give c(-4).
5
Let n(c) be the third derivative of -c**5/60 + 5*c**4/24 - c**3/2 + 2*c**2 + 48*c. Suppose b - 10 + 2 = 0. Let g(u) = -u + 11. Let z be g(b). What is n(z)?
3
Let t(j) = -11*j**2 - 9*j + 14 - j**3 + 0*j**3 - 3 + 2. Calculate t(-10).
3
Let x(w) = w**3 + 4*w**2 + 3*w + 7. Let o be (132/(-16))/(-11)*-4. Give x(o).
7
Suppose 3*s - u = 30 - 4, 3*s + 5*u = -4. Let g(y) = -2*y + 1. Give g(s).
-13
Let j(t) = 2*t - 4. Suppose 0 = -0*g + g - 3*d - 6, -5*d = 10. Suppose g = 5*k - 10*k - 10. Let i = 8 + k. What is j(i)?
8
Let m(b) = -3*b + 1. Let d = -439 - -433. Give m(d).
19
Let x(f) = -f**3 + f + 6. Suppose -3*j = -22 - 17. Suppose -10 = j*q - 10. Calculate x(q).
6
Let b(i) = -4*i - 7 + 9*i**3 + 3*i - 17*i**3 + 7*i**3. Let w(d) = d**3 + 2*d**2 + d. Let x be w(-1). What is b(x)?
-7
Let w(r) = r**2 + 2. Suppose 0 = -2*o - o. Let d be w(o). Let f(s) = s + 2 - 4 + 2 + d. Give f(-5).
-3
Let g(n) = -20*n + 117. Let x(b) = 6*b - 39. Let h(m) = -2*g(m) - 7*x(m). Give h(20).
-1
Suppose -2*l - 5*n + 24 = 0, 3*n - 16 - 2 = -3*l. Suppose -l = 9*c - 20. Let h(s) = s**2 - 4*s + 2. What is h(c)?
-2
Suppose 0 = 4*n + 4*k + 12, -5*n - 5 = 3*k - 0. Let x(f) = 43*f - 4*f**2 + 4 - 39*f + 3*f**n. What is x(5)?
-1
Let p = -538 + 538. Let z(w) = w - 9. Calculate z(p).
-9
Let d(r) = 14 + 3*r - 4 - r**2 + 2*r. Let i = -2345 - -2352. What is d(i)?
-4
Let m = 388 + -383. Let s(y) = y**3 - 4*y**2 - 5*y - 6. Calculate s(m).
-6
Let a(x) = -x - 7*x + x - x**2. Let s be ((-16)/(-6))/((-8)/24). What is a(s)?
-8
Let m(w) = -4*w**2 + 6*w**2 - 4*w + 0*w**2. Let i(o) be the third derivative of o**6/120 + o**5/60 - o**4/4 - 5*o**3/6 - 35*o**2. Let r be i(-2). What is m(r)?
6
Let p(t) = -t**2 + 1. Let k = 26 - 32. Let o(c) = -7*c**2 - c + 9. Let r(h) = k*p(h) + o(h). Calculate r(3).
-9
Let u(z) = 2*z + 4. Suppose -2*y + i + 18 = 0, -17*i = 5*y - 12*i - 15. Calculate u(y).
18
Let p(a) = a**3 + 20*a**2 - 4*a - 16. Let d(z) = -2*z**3 - 42*z**2 + 9*z + 34. Let m(w) = 4*d(w) + 9*p(w). What is m(-12)?
-8
Let i(s) be the first derivative of -s**5/20 + 3*s**4/4 - 4*s**3/3 + 4*s**2 - 9*s + 12. Let o(l) be the first derivative of i(l). What is o(8)?
8
Suppose -5 = -3*t + 4*s, t + 5 = 5*s - 2*s. Let h(g) = -g**2 + 6*g. Calculate h(t).
-7
Let s(o) = -o**3 - 10*o**2 + 13*o + 10. Let r(n) = -5*n**3 - 15*n**2 - n - 14. Let f be r(-3). What is s(f)?
-12
Let o(h) = -3*h - 6. Let i(m) = m + 1. Let w(r) = 12*i(r) + 3*o(r). Let u be (4 + -1 - -2) + 0. Determine w(u).
9
Let m(h) be the third derivative of -h**5/30 - h**4/8 - 5*h**3/6 + 117*h**2. Give m(-4).
-25
Let g(z) = z**3 + 7*z**2 - 12*z - 3. Let i be (3 - 5)*(-1 - -4 - -1). What is g(i)?
29
Suppose 10 = -43*k + 41*k. Let l = 5 + k. Let d(t) = t - 1. What is d(l)?
-1
Suppose 7*m + 27 = -22. Let h(b) = 3 + 13 - 2 + 2*b - b. Calculate h(m).
7
Let j(y) = -3*y. Let s be (-38 - (-4 - (2 - 4))) + -2. Let n be (7 - s/(-4)) + 2/4. What is j(n)?
6
Let l(j) = 2*j + 5. Let y(b) = -14*b - 15. Let r be y(4). Let c = r - -67. What is l(c)?
-3
Let n(w) = -w**2 - 10*w + 6. Let q be n(-11). Let s be (q + 0)*24/(-30). Suppose 5*a - s*r = 25, -3*r + 22 = -3*a - 8*r. Let z(g) = 5*g**3 + g**2. What is z(a)?
6
Let d(h) = h**2 + h. Suppose -1 = -2*c - 3*y, 2*c + 29*y = 27*y. Calculate d(c).
0
Let c(t) = t**2 - 7*t - 5. Let v(n) = 11. Let x(i) = -7. Let b(d) = 5*v(d) + 8*x(d). Let l(j) = -4*b(j) - c(j). Determine l(7).
9
Suppose 17*p = 30*p - 39. Let w(a) be the second derivative of -1/4*a**4 + 7*a + 0 + 7/6*a**p - 1/20*a**5 + 3*a**2. Give w(-4).
-6
Let n(z) = -8*z**2 + z + 1. Let p(q) = 7*q**2 - 1. Let o(c) = -6*n(c) - 7*p(c). What is o(-6)?
1
Let n be (-85)/(-34) - (-11)/(-22). Let t(x) = 32*x + 14. Let v(i) = 11*i + 5. Let k(o) = 6*t(o) - 17*v(o). Give k(n).
9
Let y be (2/(-7))/(8 + (-8253)/1029). Let j(l) = -l**2 + 16*l - 2. What is j(y)?
26
Let j(t) = -3*t**3 - 2*t**2 + 2*t + 3. Suppose 2*r - 6*b + 4*b = -12, -5*r + 3*b = 22. Determine j(r).
15
Suppose -43*a + 48*a = -15. Let w(j) = j**3 + 5*j**2 + 4*j + 4. Calculate w(a).
10
Let r(t) = t**3 + 2*t**2 - t - 1. Let n(w) = 3*w**3 + 4*w**2 - 3*w - 3. Let z(m) = 2*n(m) - 5*r(m). Determine z(2).
-3
Let y(x) = -x. Let z(d) be the third derivative of d**6/60 - d**5/3 - d**4/24 + 7*d**3/3 - 31*d**2. Let o be z(10). Calculate y(o).
-4
Let r(v) be the second derivative of v**4/3 - 3*v**2 + 2*v. Let i(j) be the first derivative of r(j). Suppose -z + 3 = -4*z. What is i(z)?
-8
Suppose 2*b - 1 - 3 = 3*s, 0 = 2*s - 2*b + 4. Suppose s = 21*n - 16*n + 25. Let a(x) = x**3 + 0*x - 1 + 2*x + 5*x**2 + x. Determine a(n).
-16
Let k(i) = i**3 - i - 1. Let m be (-27)/(-45) + (-17)/(-5). Suppose -t - 6 = -m*t. Calculate k(t).
5
Let c(v) = -v**3 - 7*v**2 + v + 10. Let s(j) = -j**2 - 2*j - 22. Let r be s(0). Let o = r - -24. Suppose 15 - 1 = -o*x. Give c(x).
3
Let s(l) be the second derivative of -l**3/2 - l + 30. Suppose -4*v = 4*y + 8, 13 + 7 = -5*y + 5*v. Give s(y).
9
Suppose k + k - 4 = 2*n, -2*k = n + 5. Let c(v) = 780*v - 105. Let d(u) = -15*u + 2. Let r(l) = -2*c(l) - 105*d(l). What is r(k)?
-15
Let v(d) = d**2 + 2*d + 2. Let g(k) = -k**3 - 6*k**2 - 12*k - 14. Let b be g(-3). Determine v(b).
17
Suppose 0 = -4*o - 28 + 28. Let m be (-7 + 12)*(1 + o). Let j(x) = x**3 - 6*x**2 + 3*x - 1. What is j(m)?
-11
Let v(z) be the second derivative of -z**4/12 - z**3/2 - 3*z**2/2 + 594*z. Let w = -1 - -1. Suppose 5*c + 3 + 7 = w. What is v(c)?
-1
Let m(s) = s**2 - 7*s - 5. Let n = 5 - 2. Let j be n - (-4)/4*3. Determine m(j).
-11
Let p(b) = b - 14. Let t(g) = 6*g - 71. Let c(q) = -11*p(q) + 2*t(q). What is c(-12)?
0
Let q(c) = 2*c + 3*c**2 + 2 + 0 - 6 + 5. Give q(3).
34
Let o = -24 + 30. Let j be (12/(-9))/(o/9). Let q(t) = 3 - t + t + t. Calculate q(j).
1
Let u(s) = -s**2 - 2*s + 4. Let i be (-38)/(-4) + 12/8. Suppose -2 = 4*g + 2*p + 12, i = -4*g - 5*p. What is u(g)?
-4
Let g(c) = 3*c - 3 + 2 - 2 - c**2. Let i = -133 + 136. Suppose -n + 4*a = -2, 5*a - 3 = -i*n + 3. Calculate g(n).
-1
Let d(z) = -z. Let t be (1 + 2/4)*(1 + 1). Suppose 4*r + 0*r + 4*o + 4 = 0, r + 5*o = t. Determine d(r).
2
Suppose -5*u + u = -4. Suppose -h + u = -4. Let r(q) = 12 - q - 1 + 0. Give r(h).
6
Let x(f) = f**2 - 4*f**2 + 2*f**2 + 7*f - 4. Let i = 100 - 93. Let n be (-1 - i/(-6)) + 87/18. Give x(n).
6
Suppose 0*c = 4*c + 8. Let g(b) be the second derivative of -b**5/20 - b**4/6 - b**3/3 + b**2/2 + 10*b. Give g(c).
5
Let g(r) = -r**3 - 5*r**2 - r + 4. Suppose -5 = -w - 2, -4*w - 4 = -x. Suppose x*k + 20 = 12*k. What is g(k)?
9
Let k(c) = -4*c**2 - 4*c - 8. Let a(m) = -m**2 + m. Let q(r) = -5*a(r) + k(r). Calculate q(9).
-8
Let f(d) = -4*d - 3. Let p(r) = -3*r. Let y(k) = f(k) - p(k). Calculate y(4).
-7
Suppose -3*r - 148 = -154. Let d(h) be the second derivative of h**r + 0 - 3*h + 1/3*h**3. What is d(-4)?
-6
Let q(b) be the third derivative of 0*b - 13*b**2 + 0 + 1/6*b**3 - 11/24*b**4. Determine q(1).
-10
Let m be (4/6)/(-3 - 58/(-18)). Let s(r) = r**2 - 2. Determine s(m).
7
Let q be 4 + 3 - 4 - -1. Let o(n) = -4*n - 3 - q + 5 + 3*n. Give o(-7).
5
Let b(n) = n + 3. Let g be b(-15). Let c = -10 - g. Let u(p) = p**3 - 3*p**2 + 1 + 0*p**2 + 2*p**2 - c*p**3. Calculate u(-2).
5
Let b(q) = 20 + 178*q + 19 - 177*q - 6. Determine b(-17).
16
Suppose 3*u = -f + 4, 3*u + 0*f + 16 = -5*f. Suppose -26 = -5*y - 11. Let d(b) = b - b - b + y - b. What is d(u)?
-3
Let j(o) = 10*o**2 - o - 2. Let c be j(-1). Let d(k) = k - 6. Let s be d(c). Let v(w) = -w + 1. What is v(s)?
-2
